{"id":14635,"date":"2025-02-17T10:49:58","date_gmt":"2025-02-17T09:49:58","guid":{"rendered":"https:\/\/lume.ch\/?post_type=referenz&#038;p=14635"},"modified":"2025-03-26T14:37:37","modified_gmt":"2025-03-26T13:37:37","slug":"aspiration-de-la-poussiere-de-vomissement","status":"publish","type":"referenz","link":"https:\/\/lume.ch\/fr\/reference\/aspiration-de-la-poussiere-de-vomissement\/","title":{"rendered":"Aspiration de la poussi\u00e8re de vomissement"},"content":{"rendered":"\n<div  class=\"block block-lead main-container pb-mittel\">\n    <div class=\"content-container lead-font-size\">\n        Cette entreprise familiale et innovante de recyclage, qui en est \u00e0 sa quatri\u00e8me g\u00e9n\u00e9ration et qui se trouve au c\u0153ur de la Suisse, a besoin d&rsquo;une installation d&rsquo;aspiration pour \u00e9liminer les poussi\u00e8res de concassage g\u00e9n\u00e9r\u00e9es par le traitement des scories.    <\/div>\n<\/div>\n\n\n<div  class=\"block block-content bg-weiss pb-mittel\">\n    <div class=\"main-container\">\n        <div class=\"content-container\">\n\n            \n\n\n    <p>L&rsquo;entreprise installe une installation de s\u00e9paration pour le traitement des scories provenant des incin\u00e9rateurs. Dans cette installation de s\u00e9paration, les \u00e9l\u00e9ments ferreux et non ferreux sont extraits des m\u00e2chefers. Cette op\u00e9ration g\u00e9n\u00e8re une importante charge de poussi\u00e8re \u00e0 diff\u00e9rents points de chargement et de transfert.  <\/p>\n<p>Une installation d&rsquo;aspiration de type VarioCell 10.80 C est utilis\u00e9e, qui est reli\u00e9e \u00e0 un total de huit points de collecte individuels (voir photo ci-dessous).<br \/>\nLa poussi\u00e8re nettoy\u00e9e est \u00e9vacu\u00e9e dans un big-bag au moyen d&rsquo;une \u00e9cluse \u00e0 roue cellulaire, puis \u00e9limin\u00e9e.<\/p>\n<p><img decoding=\"async\" class=\"alignnone size-medium wp-image-14568 lazyload\" data-src=\"https:\/\/lume.ch\/wp-content\/uploads\/2025\/02\/E.-Flueckiger_Absaugstellen_Recycling-e1739517191428-400x315.jpg\" alt=\"\" width=\"400\" height=\"315\" data-srcset=\"https:\/\/lume.ch\/wp-content\/uploads\/2025\/02\/E.-Flueckiger_Absaugstellen_Recycling-e1739517191428-400x315.jpg 400w, https:\/\/lume.ch\/wp-content\/uploads\/2025\/02\/E.-Flueckiger_Absaugstellen_Recycling-e1739517191428-768x605.jpg 768w, https:\/\/lume.ch\/wp-content\/uploads\/2025\/02\/E.-Flueckiger_Absaugstellen_Recycling-e1739517191428-1024x807.jpg 1024w, https:\/\/lume.ch\/wp-content\/uploads\/2025\/02\/E.-Flueckiger_Absaugstellen_Recycling-e1739517191428.jpg 1427w\" data-sizes=\"(max-width: 400px) 100vw, 400px\" src=\"data:image\/svg+xml;base64,PHN2ZyB3aWR0aD0iMSIgaGVpZ2h0PSIxIiB4bWxucz0iaHR0cDovL3d3dy53My5vcmcvMjAwMC9zdmciPjwvc3ZnPg==\" style=\"--smush-placeholder-width: 400px; --smush-placeholder-aspect-ratio: 400\/315;\" \/><\/p>\n<h2>Sp\u00e9cification<\/h2>\n<ul>\n<li>Syst\u00e8me d&rsquo;aspiration VarioCell 10.80 C<\/li>\n<li>Aspiration des poussi\u00e8res de concassage provenant du traitement des scories<\/li>\n<li>D\u00e9bit d&rsquo;air 24&rsquo;000 m\u00b3\/h<\/li>\n<li>Puissance du ventilateur 30 kW<\/li>\n<li>Surface de filtration 344 m\u00b2.<\/li>\n<li>Cartouches filtrantes PES non tiss\u00e9 antistatique<\/li>\n<\/ul>\n\n    \n    \n\n        <\/div>\n    <\/div>\n<\/div>\n\n\n<div  class=\"block block-teaser bg-hellgrau pt-gross pb-gross bild-text\">\n  <div class=\"main-container\">\n    \n        <div class=\"teaser-row\">\n      \n                          <a class=\"teaser\" href=\"https:\/\/lume.ch\/kompetenzen-service\/#engineering-konstruktion\" target=\"_self\">\n            \n              <div class=\"bild\"><img decoding=\"async\" width=\"1110\" height=\"420\" data-src=\"https:\/\/lume.ch\/wp-content\/uploads\/2023\/11\/Engineering-Konstruktion-1110x420.jpg\" class=\"attachment-teaser-big size-teaser-big lazyload\" alt=\"L+M AG Industriestahlbau Absauganlagen Engineering Konstruktion\" src=\"data:image\/svg+xml;base64,PHN2ZyB3aWR0aD0iMSIgaGVpZ2h0PSIxIiB4bWxucz0iaHR0cDovL3d3dy53My5vcmcvMjAwMC9zdmciPjwvc3ZnPg==\" style=\"--smush-placeholder-width: 1110px; --smush-placeholder-aspect-ratio: 1110\/420;\" \/><span class=\"overlay\"><\/span><\/div>\n                              <div class=\"uebertitel\">Ing\u00e9nierie + Construction<\/div>\n              \n              \n              <div class=\"inner\">\n                                                      <h2 class=\"d5\">Conseil pour des solutions individuelles<\/h2>\n                                  \n                                  <div class=\"teaser-inhalt\">La qualit\u00e9 sur mesure et selon vos besoins.<\/div>\n                              <\/div>\n\n                            <div class=\"teaser-cta transition\">Ing\u00e9nierie + Construction<\/div>\n          <\/a>\n                  \n                        <a class=\"teaser\" href=\"https:\/\/lume.ch\/kompetenzen-service\/#acc-3\" target=\"_self\">\n            \n              <div class=\"bild\"><img decoding=\"async\" width=\"1110\" height=\"420\" data-src=\"https:\/\/lume.ch\/wp-content\/uploads\/2023\/12\/Teckon-2023-web-30-1110x420.jpg\" class=\"attachment-teaser-big size-teaser-big lazyload\" alt=\"L+M AG Industriestahlbau Absauganlagen Lohnfertigung\" src=\"data:image\/svg+xml;base64,PHN2ZyB3aWR0aD0iMSIgaGVpZ2h0PSIxIiB4bWxucz0iaHR0cDovL3d3dy53My5vcmcvMjAwMC9zdmciPjwvc3ZnPg==\" style=\"--smush-placeholder-width: 1110px; --smush-placeholder-aspect-ratio: 1110\/420;\" \/><span class=\"overlay\"><\/span><\/div>\n                              <div class=\"uebertitel\">Fabrication \u00e0 fa\u00e7on<\/div>\n              \n              \n              <div class=\"inner\">\n                                                      <h2 class=\"d5\">Sous-traitance &#8211; Vos pi\u00e8ces, notre talent !<\/h2>\n                                  \n                                  <div class=\"teaser-inhalt\">Nous mettons vos id\u00e9es en forme. Pr\u00e9cis, efficace, fiable. <\/div>\n                              <\/div>\n\n                            <div class=\"teaser-cta transition\">Fabrication \u00e0 fa\u00e7on<\/div>\n          <\/a>\n                  \n                        <a class=\"teaser\" href=\"https:\/\/lume.ch\/kompetenzen-service\/#acc-5\" target=\"_self\">\n            \n              <div class=\"bild\"><img decoding=\"async\" width=\"1110\" height=\"420\" data-src=\"https:\/\/lume.ch\/wp-content\/uploads\/2023\/11\/Produktion-Fertigung-1110x420.jpg\" class=\"attachment-teaser-big size-teaser-big lazyload\" alt=\"L+M AG Industriestahlbau Absauganlagen\" src=\"data:image\/svg+xml;base64,PHN2ZyB3aWR0aD0iMSIgaGVpZ2h0PSIxIiB4bWxucz0iaHR0cDovL3d3dy53My5vcmcvMjAwMC9zdmciPjwvc3ZnPg==\" style=\"--smush-placeholder-width: 1110px; --smush-placeholder-aspect-ratio: 1110\/420;\" \/><span class=\"overlay\"><\/span><\/div>\n                              <div class=\"uebertitel\">Production + Fabrication<\/div>\n              \n              \n              <div class=\"inner\">\n                                                      <h2 class=\"d5\">Une production efficace avec les normes les plus \u00e9lev\u00e9es<\/h2>\n                                  \n                                  <div class=\"teaser-inhalt\">Une qualit\u00e9 et une efficacit\u00e9 exceptionnelles, tant au niveau du d\u00e9veloppement des produits que de la fabrication.<\/div>\n                              <\/div>\n\n                            <div class=\"teaser-cta transition\">Production + Fabrication<\/div>\n          <\/a>\n                  \n              <\/div>\n  <\/div>\n<\/div>\n","protected":false},"featured_media":14566,"template":"","referenzenthemen":[82],"class_list":["post-14635","referenz","type-referenz","status-publish","has-post-thumbnail","hentry","referenzenthemen-installations-daspiration"],"acf":[],"_links":{"self":[{"href":"https:\/\/lume.ch\/fr\/wp-json\/wp\/v2\/referenz\/14635","targetHints":{"allow":["GET"]}}],"collection":[{"href":"https:\/\/lume.ch\/fr\/wp-json\/wp\/v2\/referenz"}],"about":[{"href":"https:\/\/lume.ch\/fr\/wp-json\/wp\/v2\/types\/referenz"}],"wp:featuredmedia":[{"embeddable":true,"href":"https:\/\/lume.ch\/fr\/wp-json\/wp\/v2\/media\/14566"}],"wp:attachment":[{"href":"https:\/\/lume.ch\/fr\/wp-json\/wp\/v2\/media?parent=14635"}],"wp:term":[{"taxonomy":"referenzenthemen","embeddable":true,"href":"https:\/\/lume.ch\/fr\/wp-json\/wp\/v2\/referenzenthemen?post=14635"}],"curies":[{"name":"wp","href":"https:\/\/api.w.org\/{rel}","templated":true}]}}

Aspiration de la poussière de vomissement

<div  class="block block-lead main-container pb-mittel">
    <div class="content-container lead-font-size">
        Cette entreprise familiale et innovante de recyclage, qui en est à sa quatrième génération et qui se trouve au cœur de la Suisse, a besoin d&rsquo;une installation d&rsquo;aspiration pour éliminer les poussières de concassage générées par le traitement des scories.    </div>
</div>


<div  class="block block-content bg-weiss pb-mittel">
    <div class="main-container">
        <div class="content-container">

            


    <p>L&rsquo;entreprise installe une installation de séparation pour le traitement des scories provenant des incinérateurs. Dans cette installation de séparation, les éléments ferreux et non ferreux sont extraits des mâchefers. Cette opération génère une importante charge de poussière à différents points de chargement et de transfert.  </p>
<p>Une installation d&rsquo;aspiration de type VarioCell 10.80 C est utilisée, qui est reliée à un total de huit points de collecte individuels (voir photo ci-dessous).<br />
La poussière nettoyée est évacuée dans un big-bag au moyen d&rsquo;une écluse à roue cellulaire, puis éliminée.</p>
<p><img decoding="async" class="alignnone size-medium wp-image-14568 lazyload" data-src="https://lume.ch/wp-content/uploads/2025/02/E.-Flueckiger_Absaugstellen_Recycling-e1739517191428-400x315.jpg" alt="" width="400" height="315" data-srcset="https://lume.ch/wp-content/uploads/2025/02/E.-Flueckiger_Absaugstellen_Recycling-e1739517191428-400x315.jpg 400w, https://lume.ch/wp-content/uploads/2025/02/E.-Flueckiger_Absaugstellen_Recycling-e1739517191428-768x605.jpg 768w, https://lume.ch/wp-content/uploads/2025/02/E.-Flueckiger_Absaugstellen_Recycling-e1739517191428-1024x807.jpg 1024w, https://lume.ch/wp-content/uploads/2025/02/E.-Flueckiger_Absaugstellen_Recycling-e1739517191428.jpg 1427w" data-sizes="(max-width: 400px) 100vw, 400px" src="data:image/svg+xml;base64,PHN2ZyB3aWR0aD0iMSIgaGVpZ2h0PSIxIiB4bWxucz0iaHR0cDovL3d3dy53My5vcmcvMjAwMC9zdmciPjwvc3ZnPg==" style="--smush-placeholder-width: 400px; --smush-placeholder-aspect-ratio: 400/315;" /></p>
<h2>Spécification</h2>
<ul>
<li>Système d&rsquo;aspiration VarioCell 10.80 C</li>
<li>Aspiration des poussières de concassage provenant du traitement des scories</li>
<li>Débit d&rsquo;air 24&rsquo;000 m³/h</li>
<li>Puissance du ventilateur 30 kW</li>
<li>Surface de filtration 344 m².</li>
<li>Cartouches filtrantes PES non tissé antistatique</li>
</ul>

    
    

        </div>
    </div>
</div>


<div  class="block block-teaser bg-hellgrau pt-gross pb-gross bild-text">
  <div class="main-container">
    
        <div class="teaser-row">
      
                          <a class="teaser" href="https://lume.ch/kompetenzen-service/#engineering-konstruktion" target="_self">
            
              <div class="bild"><img decoding="async" width="1110" height="420" data-src="https://lume.ch/wp-content/uploads/2023/11/Engineering-Konstruktion-1110x420.jpg" class="attachment-teaser-big size-teaser-big lazyload" alt="L+M AG Industriestahlbau Absauganlagen Engineering Konstruktion" src="data:image/svg+xml;base64,PHN2ZyB3aWR0aD0iMSIgaGVpZ2h0PSIxIiB4bWxucz0iaHR0cDovL3d3dy53My5vcmcvMjAwMC9zdmciPjwvc3ZnPg==" style="--smush-placeholder-width: 1110px; --smush-placeholder-aspect-ratio: 1110/420;" /><span class="overlay"></span></div>
                              <div class="uebertitel">Ingénierie + Construction</div>
              
              
              <div class="inner">
                                                      <h2 class="d5">Conseil pour des solutions individuelles</h2>
                                  
                                  <div class="teaser-inhalt">La qualité sur mesure et selon vos besoins.</div>
                              </div>

                            <div class="teaser-cta transition">Ingénierie + Construction</div>
          </a>
                  
                        <a class="teaser" href="https://lume.ch/kompetenzen-service/#acc-3" target="_self">
            
              <div class="bild"><img decoding="async" width="1110" height="420" data-src="https://lume.ch/wp-content/uploads/2023/12/Teckon-2023-web-30-1110x420.jpg" class="attachment-teaser-big size-teaser-big lazyload" alt="L+M AG Industriestahlbau Absauganlagen Lohnfertigung" src="data:image/svg+xml;base64,PHN2ZyB3aWR0aD0iMSIgaGVpZ2h0PSIxIiB4bWxucz0iaHR0cDovL3d3dy53My5vcmcvMjAwMC9zdmciPjwvc3ZnPg==" style="--smush-placeholder-width: 1110px; --smush-placeholder-aspect-ratio: 1110/420;" /><span class="overlay"></span></div>
                              <div class="uebertitel">Fabrication à façon</div>
              
              
              <div class="inner">
                                                      <h2 class="d5">Sous-traitance &#8211; Vos pièces, notre talent !</h2>
                                  
                                  <div class="teaser-inhalt">Nous mettons vos idées en forme. Précis, efficace, fiable. </div>
                              </div>

                            <div class="teaser-cta transition">Fabrication à façon</div>
          </a>
                  
                        <a class="teaser" href="https://lume.ch/kompetenzen-service/#acc-5" target="_self">
            
              <div class="bild"><img decoding="async" width="1110" height="420" data-src="https://lume.ch/wp-content/uploads/2023/11/Produktion-Fertigung-1110x420.jpg" class="attachment-teaser-big size-teaser-big lazyload" alt="L+M AG Industriestahlbau Absauganlagen" src="data:image/svg+xml;base64,PHN2ZyB3aWR0aD0iMSIgaGVpZ2h0PSIxIiB4bWxucz0iaHR0cDovL3d3dy53My5vcmcvMjAwMC9zdmciPjwvc3ZnPg==" style="--smush-placeholder-width: 1110px; --smush-placeholder-aspect-ratio: 1110/420;" /><span class="overlay"></span></div>
                              <div class="uebertitel">Production + Fabrication</div>
              
              
              <div class="inner">
                                                      <h2 class="d5">Une production efficace avec les normes les plus élevées</h2>
                                  
                                  <div class="teaser-inhalt">Une qualité et une efficacité exceptionnelles, tant au niveau du développement des produits que de la fabrication.</div>
                              </div>

                            <div class="teaser-cta transition">Production + Fabrication</div>
          </a>
                  
              </div>
  </div>
</div>
