{"id":14277,"date":"2024-11-12T08:29:52","date_gmt":"2024-11-12T07:29:52","guid":{"rendered":"https:\/\/lume.ch\/?post_type=referenz&#038;p=14277"},"modified":"2024-11-13T07:24:34","modified_gmt":"2024-11-13T06:24:34","slug":"ventilation-industrielle-pour-refroidir-le-conduit-dair-chaud","status":"publish","type":"referenz","link":"https:\/\/lume.ch\/fr\/reference\/ventilation-industrielle-pour-refroidir-le-conduit-dair-chaud\/","title":{"rendered":"Ventilation industrielle pour refroidir le conduit d&rsquo;air chaud"},"content":{"rendered":"\n<div  class=\"block block-lead main-container pb-mittel\">\n    <div class=\"content-container lead-font-size\">\n        Un conduit d&rsquo;air chaud existant dans l&rsquo;industrie du ciment, dont l&rsquo;air a une temp\u00e9rature d&rsquo;environ 700\u00b0 C, doit \u00eatre refroidi avec de l&rsquo;air secondaire (volume d&rsquo;air de 60&rsquo;000m\u00b3\/h).    <\/div>\n<\/div>\n\n\n<div  class=\"block block-content bg-weiss pb-mittel\">\n    <div class=\"main-container\">\n        <div class=\"content-container\">\n\n            \n\n\n    <p>Le syst\u00e8me de refroidissement peut \u00eatre install\u00e9 sur le site du client, dans des espaces restreints et avec un minimum d&rsquo;adaptations structurelles.<\/p>\n<p><strong>Le d\u00e9fi<\/strong><\/p>\n<ul>\n<li>Installation d&rsquo;une unit\u00e9 de refroidissement, mais sur deux niveaux<\/li>\n<li>Espace restreint sur le site<\/li>\n<li>Les composants doivent \u00eatre r\u00e9sistants aux temp\u00e9ratures \u00e9lev\u00e9es, en raison de la possibilit\u00e9 de retour de gaz chauds lorsque le syst\u00e8me de refroidissement est \u00e0 l&rsquo;arr\u00eat.<\/li>\n<li>Une gestion complexe des conduites d&rsquo;air<\/li>\n<li>R\u00e9glage et ajustement final de la conduite d&rsquo;air, car il existe plusieurs points d&rsquo;injection d&rsquo;air<\/li>\n<\/ul>\n<p><strong>La solution &#8211; unique et intelligente<\/strong><\/p>\n<p>La solution \u00e9labor\u00e9e par <a href=\"https:\/\/lume.ch\/fr\/construction-metallique-industrielle\/\">L+M Construction m\u00e9tallique industrielle<\/a> en collaboration avec le client r\u00e9pond \u00e0 toutes les exigences et m\u00eame plus :<\/p>\n<p>Un syst\u00e8me d&rsquo;air de refroidissement avec deux unit\u00e9s de ventilation (redondantes), compos\u00e9 d&rsquo;un cadre de base, d&rsquo;un ventilateur industriel, d&rsquo;un filtre d&rsquo;aspiration et d&rsquo;un silencieux. Les deux unit\u00e9s de ventilation ont \u00e9t\u00e9 dimensionn\u00e9es de mani\u00e8re \u00e0 permettre une manipulation et un montage sans risque sur le site et \u00e0 garantir une bonne accessibilit\u00e9 pour le service. Gr\u00e2ce \u00e0 la redondance partielle, c&rsquo;est-\u00e0-dire qu&rsquo;en cas de panne d&rsquo;une unit\u00e9 de ventilation, le syst\u00e8me peut continuer \u00e0 fonctionner pendant une courte p\u00e9riode.<\/p>\n<p><strong>Sp\u00e9cification<\/strong><\/p>\n<ul>\n<li>Deux unit\u00e9s de ventilation<\/li>\n<li>D\u00e9bit d&rsquo;air 30&rsquo;000m\u00b3\/h, pression statique 2500 Pa<\/li>\n<li>Caract\u00e9ristiques du moteur : 500V &#8211; 50Hz, 37kW<\/li>\n<li>Mat\u00e9riau 1.4301<\/li>\n<li>Temp\u00e9rature 350\u00b0 C<\/li>\n<li>9 Vannes papillon<\/li>\n<li>Poids 2t<\/li>\n<li>Dimensions 4 x 2,5 x 2,4 m<\/li>\n<li>Classe de filtre : G4<\/li>\n<\/ul>\n\n    \n    \n\n        <\/div>\n    <\/div>\n<\/div>\n\n\n<div  class=\"block block-bild-slider bg-weiss pb-mittel\">\n    <div class=\"main-container pos-rel\">\n\n        <div class=\"swiper-gallery pos-rel\">\n        <div class=\"swiper-wrapper\">\n                        <div class=\"swiper-slide standard-link\">\n                <a href=\"https:\/\/lume.ch\/wp-content\/uploads\/2024\/11\/IMG-20240606-WA0007.jpg\" data-featherlight=\"image\">\n                     <img decoding=\"async\" data-src=\"https:\/\/lume.ch\/wp-content\/uploads\/2024\/11\/IMG-20240606-WA0007.jpg\" alt=\"\" src=\"data:image\/svg+xml;base64,PHN2ZyB3aWR0aD0iMSIgaGVpZ2h0PSIxIiB4bWxucz0iaHR0cDovL3d3dy53My5vcmcvMjAwMC9zdmciPjwvc3ZnPg==\" class=\"lazyload\" style=\"--smush-placeholder-width: 1600px; --smush-placeholder-aspect-ratio: 1600\/1200;\" \/>\n                <\/a>\n                <p class=\"wp-caption-text small-font-size\"><\/p>\n            <\/div>\n                        <div class=\"swiper-slide standard-link\">\n                <a href=\"https:\/\/lume.ch\/wp-content\/uploads\/2024\/11\/IMG-20240606-WA0011.jpg\" data-featherlight=\"image\">\n                     <img decoding=\"async\" data-src=\"https:\/\/lume.ch\/wp-content\/uploads\/2024\/11\/IMG-20240606-WA0011.jpg\" alt=\"\" src=\"data:image\/svg+xml;base64,PHN2ZyB3aWR0aD0iMSIgaGVpZ2h0PSIxIiB4bWxucz0iaHR0cDovL3d3dy53My5vcmcvMjAwMC9zdmciPjwvc3ZnPg==\" class=\"lazyload\" style=\"--smush-placeholder-width: 1600px; --smush-placeholder-aspect-ratio: 1600\/1200;\" \/>\n                <\/a>\n                <p class=\"wp-caption-text small-font-size\"><\/p>\n            <\/div>\n                        <div class=\"swiper-slide standard-link\">\n                <a href=\"https:\/\/lume.ch\/wp-content\/uploads\/2024\/11\/IMG-20240606-WA0012.jpg\" data-featherlight=\"image\">\n                     <img decoding=\"async\" data-src=\"https:\/\/lume.ch\/wp-content\/uploads\/2024\/11\/IMG-20240606-WA0012.jpg\" alt=\"\" src=\"data:image\/svg+xml;base64,PHN2ZyB3aWR0aD0iMSIgaGVpZ2h0PSIxIiB4bWxucz0iaHR0cDovL3d3dy53My5vcmcvMjAwMC9zdmciPjwvc3ZnPg==\" class=\"lazyload\" style=\"--smush-placeholder-width: 1200px; --smush-placeholder-aspect-ratio: 1200\/1600;\" \/>\n                <\/a>\n                <p class=\"wp-caption-text small-font-size\"><\/p>\n            <\/div>\n                        <div class=\"swiper-slide standard-link\">\n                <a href=\"https:\/\/lume.ch\/wp-content\/uploads\/2024\/11\/IMG_6494.jpeg\" data-featherlight=\"image\">\n                     <img decoding=\"async\" data-src=\"https:\/\/lume.ch\/wp-content\/uploads\/2024\/11\/IMG_6494.jpeg\" alt=\"Industriestahlbau - Montage L\u00fcftungsverteiler\" src=\"data:image\/svg+xml;base64,PHN2ZyB3aWR0aD0iMSIgaGVpZ2h0PSIxIiB4bWxucz0iaHR0cDovL3d3dy53My5vcmcvMjAwMC9zdmciPjwvc3ZnPg==\" class=\"lazyload\" style=\"--smush-placeholder-width: 4032px; --smush-placeholder-aspect-ratio: 4032\/3024;\" \/>\n                <\/a>\n                <p class=\"wp-caption-text small-font-size\">Industriestahlbau &#8211; Montage L\u00fcftungsverteiler<\/p>\n            <\/div>\n                    <\/div>\n        <div class=\"swiper-pagination\"><\/div>\n    <\/div>\n    \n    <\/div>\n<\/div>\n\n\n<div  class=\"block block-teaser bg-hellgrau pt-gross pb-gross bild-text\">\n  <div class=\"main-container\">\n    \n        <div class=\"teaser-row\">\n      \n                          <a class=\"teaser\" href=\"https:\/\/lume.ch\/kompetenzen-service\/#engineering-konstruktion\" target=\"_self\">\n            \n              <div class=\"bild\"><img decoding=\"async\" width=\"1110\" height=\"420\" data-src=\"https:\/\/lume.ch\/wp-content\/uploads\/2023\/11\/Engineering-Konstruktion-1110x420.jpg\" class=\"attachment-teaser-big size-teaser-big lazyload\" alt=\"L+M AG Industriestahlbau Absauganlagen Engineering Konstruktion\" src=\"data:image\/svg+xml;base64,PHN2ZyB3aWR0aD0iMSIgaGVpZ2h0PSIxIiB4bWxucz0iaHR0cDovL3d3dy53My5vcmcvMjAwMC9zdmciPjwvc3ZnPg==\" style=\"--smush-placeholder-width: 1110px; --smush-placeholder-aspect-ratio: 1110\/420;\" \/><span class=\"overlay\"><\/span><\/div>\n                              <div class=\"uebertitel\">Ing\u00e9nierie + construction<\/div>\n              \n              \n              <div class=\"inner\">\n                                                      <h2 class=\"d5\">Conseil pour des solutions individuelles<\/h2>\n                                  \n                                  <div class=\"teaser-inhalt\">La qualit\u00e9 sur mesure et selon vos besoins.<\/div>\n                              <\/div>\n\n                            <div class=\"teaser-cta transition\">Ing\u00e9nierie + construction<\/div>\n          <\/a>\n                  \n                        <a class=\"teaser\" href=\"https:\/\/lume.ch\/kompetenzen-service\/#qualitaetsmanagement\" target=\"_self\">\n            \n              <div class=\"bild\"><img decoding=\"async\" width=\"500\" height=\"354\" data-src=\"https:\/\/lume.ch\/wp-content\/uploads\/2023\/11\/ISO-9001-Zertifizierung.jpg\" class=\"attachment-teaser-big size-teaser-big lazyload\" alt=\"L+M AG Fakten Historie ISO 9001 Zertifizierung\" data-srcset=\"https:\/\/lume.ch\/wp-content\/uploads\/2023\/11\/ISO-9001-Zertifizierung.jpg 500w, https:\/\/lume.ch\/wp-content\/uploads\/2023\/11\/ISO-9001-Zertifizierung-400x283.jpg 400w\" data-sizes=\"(max-width: 500px) 100vw, 500px\" src=\"data:image\/svg+xml;base64,PHN2ZyB3aWR0aD0iMSIgaGVpZ2h0PSIxIiB4bWxucz0iaHR0cDovL3d3dy53My5vcmcvMjAwMC9zdmciPjwvc3ZnPg==\" style=\"--smush-placeholder-width: 500px; --smush-placeholder-aspect-ratio: 500\/354;\" \/><span class=\"overlay\"><\/span><\/div>\n                              <div class=\"uebertitel\">Assurance qualit\u00e9<\/div>\n              \n              \n              <div class=\"inner\">\n                                                      <h2 class=\"d5\">Test, mesure + certification<\/h2>\n                                  \n                                  <div class=\"teaser-inhalt\">Nos produits sont fabriqu\u00e9s et test\u00e9s selon les technologies et les normes les plus r\u00e9centes.<\/div>\n                              <\/div>\n\n                            <div class=\"teaser-cta transition\">Gestion de la qualit\u00e9<\/div>\n          <\/a>\n                  \n              <\/div>\n  <\/div>\n<\/div>\n","protected":false},"featured_media":14225,"template":"","referenzenthemen":[89],"class_list":["post-14277","referenz","type-referenz","status-publish","has-post-thumbnail","hentry","referenzenthemen-construction-metallique-industrielle"],"acf":[],"_links":{"self":[{"href":"https:\/\/lume.ch\/fr\/wp-json\/wp\/v2\/referenz\/14277","targetHints":{"allow":["GET"]}}],"collection":[{"href":"https:\/\/lume.ch\/fr\/wp-json\/wp\/v2\/referenz"}],"about":[{"href":"https:\/\/lume.ch\/fr\/wp-json\/wp\/v2\/types\/referenz"}],"wp:featuredmedia":[{"embeddable":true,"href":"https:\/\/lume.ch\/fr\/wp-json\/wp\/v2\/media\/14225"}],"wp:attachment":[{"href":"https:\/\/lume.ch\/fr\/wp-json\/wp\/v2\/media?parent=14277"}],"wp:term":[{"taxonomy":"referenzenthemen","embeddable":true,"href":"https:\/\/lume.ch\/fr\/wp-json\/wp\/v2\/referenzenthemen?post=14277"}],"curies":[{"name":"wp","href":"https:\/\/api.w.org\/{rel}","templated":true}]}}

<div  class="block block-lead main-container pb-mittel">
    <div class="content-container lead-font-size">
        Un conduit d&rsquo;air chaud existant dans l&rsquo;industrie du ciment, dont l&rsquo;air a une température d&rsquo;environ 700° C, doit être refroidi avec de l&rsquo;air secondaire (volume d&rsquo;air de 60&rsquo;000m³/h).    </div>
</div>


<div  class="block block-content bg-weiss pb-mittel">
    <div class="main-container">
        <div class="content-container">

            


    <p>Le système de refroidissement peut être installé sur le site du client, dans des espaces restreints et avec un minimum d&rsquo;adaptations structurelles.</p>
<p><strong>Le défi</strong></p>
<ul>
<li>Installation d&rsquo;une unité de refroidissement, mais sur deux niveaux</li>
<li>Espace restreint sur le site</li>
<li>Les composants doivent être résistants aux températures élevées, en raison de la possibilité de retour de gaz chauds lorsque le système de refroidissement est à l&rsquo;arrêt.</li>
<li>Une gestion complexe des conduites d&rsquo;air</li>
<li>Réglage et ajustement final de la conduite d&rsquo;air, car il existe plusieurs points d&rsquo;injection d&rsquo;air</li>
</ul>
<p><strong>La solution &#8211; unique et intelligente</strong></p>
<p>La solution élaborée par <a href="https://lume.ch/fr/construction-metallique-industrielle/">L+M Construction métallique industrielle</a> en collaboration avec le client répond à toutes les exigences et même plus :</p>
<p>Un système d&rsquo;air de refroidissement avec deux unités de ventilation (redondantes), composé d&rsquo;un cadre de base, d&rsquo;un ventilateur industriel, d&rsquo;un filtre d&rsquo;aspiration et d&rsquo;un silencieux. Les deux unités de ventilation ont été dimensionnées de manière à permettre une manipulation et un montage sans risque sur le site et à garantir une bonne accessibilité pour le service. Grâce à la redondance partielle, c&rsquo;est-à-dire qu&rsquo;en cas de panne d&rsquo;une unité de ventilation, le système peut continuer à fonctionner pendant une courte période.</p>
<p><strong>Spécification</strong></p>
<ul>
<li>Deux unités de ventilation</li>
<li>Débit d&rsquo;air 30&rsquo;000m³/h, pression statique 2500 Pa</li>
<li>Caractéristiques du moteur : 500V &#8211; 50Hz, 37kW</li>
<li>Matériau 1.4301</li>
<li>Température 350° C</li>
<li>9 Vannes papillon</li>
<li>Poids 2t</li>
<li>Dimensions 4 x 2,5 x 2,4 m</li>
<li>Classe de filtre : G4</li>
</ul>

    
    

        </div>
    </div>
</div>


<div  class="block block-bild-slider bg-weiss pb-mittel">
    <div class="main-container pos-rel">

        <div class="swiper-gallery pos-rel">
        <div class="swiper-wrapper">
                        <div class="swiper-slide standard-link">
                <a href="https://lume.ch/wp-content/uploads/2024/11/IMG-20240606-WA0007.jpg" data-featherlight="image">
                     <img decoding="async" data-src="https://lume.ch/wp-content/uploads/2024/11/IMG-20240606-WA0007.jpg" alt="" src="data:image/svg+xml;base64,PHN2ZyB3aWR0aD0iMSIgaGVpZ2h0PSIxIiB4bWxucz0iaHR0cDovL3d3dy53My5vcmcvMjAwMC9zdmciPjwvc3ZnPg==" class="lazyload" style="--smush-placeholder-width: 1600px; --smush-placeholder-aspect-ratio: 1600/1200;" />
                </a>
                <p class="wp-caption-text small-font-size"></p>
            </div>
                        <div class="swiper-slide standard-link">
                <a href="https://lume.ch/wp-content/uploads/2024/11/IMG-20240606-WA0011.jpg" data-featherlight="image">
                     <img decoding="async" data-src="https://lume.ch/wp-content/uploads/2024/11/IMG-20240606-WA0011.jpg" alt="" src="data:image/svg+xml;base64,PHN2ZyB3aWR0aD0iMSIgaGVpZ2h0PSIxIiB4bWxucz0iaHR0cDovL3d3dy53My5vcmcvMjAwMC9zdmciPjwvc3ZnPg==" class="lazyload" style="--smush-placeholder-width: 1600px; --smush-placeholder-aspect-ratio: 1600/1200;" />
                </a>
                <p class="wp-caption-text small-font-size"></p>
            </div>
                        <div class="swiper-slide standard-link">
                <a href="https://lume.ch/wp-content/uploads/2024/11/IMG-20240606-WA0012.jpg" data-featherlight="image">
                     <img decoding="async" data-src="https://lume.ch/wp-content/uploads/2024/11/IMG-20240606-WA0012.jpg" alt="" src="data:image/svg+xml;base64,PHN2ZyB3aWR0aD0iMSIgaGVpZ2h0PSIxIiB4bWxucz0iaHR0cDovL3d3dy53My5vcmcvMjAwMC9zdmciPjwvc3ZnPg==" class="lazyload" style="--smush-placeholder-width: 1200px; --smush-placeholder-aspect-ratio: 1200/1600;" />
                </a>
                <p class="wp-caption-text small-font-size"></p>
            </div>
                        <div class="swiper-slide standard-link">
                <a href="https://lume.ch/wp-content/uploads/2024/11/IMG_6494.jpeg" data-featherlight="image">
                     <img decoding="async" data-src="https://lume.ch/wp-content/uploads/2024/11/IMG_6494.jpeg" alt="Industriestahlbau - Montage Lüftungsverteiler" src="data:image/svg+xml;base64,PHN2ZyB3aWR0aD0iMSIgaGVpZ2h0PSIxIiB4bWxucz0iaHR0cDovL3d3dy53My5vcmcvMjAwMC9zdmciPjwvc3ZnPg==" class="lazyload" style="--smush-placeholder-width: 4032px; --smush-placeholder-aspect-ratio: 4032/3024;" />
                </a>
                <p class="wp-caption-text small-font-size">Industriestahlbau &#8211; Montage Lüftungsverteiler</p>
            </div>
                    </div>
        <div class="swiper-pagination"></div>
    </div>
    
    </div>
</div>


<div  class="block block-teaser bg-hellgrau pt-gross pb-gross bild-text">
  <div class="main-container">
    
        <div class="teaser-row">
      
                          <a class="teaser" href="https://lume.ch/kompetenzen-service/#engineering-konstruktion" target="_self">
            
              <div class="bild"><img decoding="async" width="1110" height="420" data-src="https://lume.ch/wp-content/uploads/2023/11/Engineering-Konstruktion-1110x420.jpg" class="attachment-teaser-big size-teaser-big lazyload" alt="L+M AG Industriestahlbau Absauganlagen Engineering Konstruktion" src="data:image/svg+xml;base64,PHN2ZyB3aWR0aD0iMSIgaGVpZ2h0PSIxIiB4bWxucz0iaHR0cDovL3d3dy53My5vcmcvMjAwMC9zdmciPjwvc3ZnPg==" style="--smush-placeholder-width: 1110px; --smush-placeholder-aspect-ratio: 1110/420;" /><span class="overlay"></span></div>
                              <div class="uebertitel">Ingénierie + construction</div>
              
              
              <div class="inner">
                                                      <h2 class="d5">Conseil pour des solutions individuelles</h2>
                                  
                                  <div class="teaser-inhalt">La qualité sur mesure et selon vos besoins.</div>
                              </div>

                            <div class="teaser-cta transition">Ingénierie + construction</div>
          </a>
                  
                        <a class="teaser" href="https://lume.ch/kompetenzen-service/#qualitaetsmanagement" target="_self">
            
              <div class="bild"><img decoding="async" width="500" height="354" data-src="https://lume.ch/wp-content/uploads/2023/11/ISO-9001-Zertifizierung.jpg" class="attachment-teaser-big size-teaser-big lazyload" alt="L+M AG Fakten Historie ISO 9001 Zertifizierung" data-srcset="https://lume.ch/wp-content/uploads/2023/11/ISO-9001-Zertifizierung.jpg 500w, https://lume.ch/wp-content/uploads/2023/11/ISO-9001-Zertifizierung-400x283.jpg 400w" data-sizes="(max-width: 500px) 100vw, 500px" src="data:image/svg+xml;base64,PHN2ZyB3aWR0aD0iMSIgaGVpZ2h0PSIxIiB4bWxucz0iaHR0cDovL3d3dy53My5vcmcvMjAwMC9zdmciPjwvc3ZnPg==" style="--smush-placeholder-width: 500px; --smush-placeholder-aspect-ratio: 500/354;" /><span class="overlay"></span></div>
                              <div class="uebertitel">Assurance qualité</div>
              
              
              <div class="inner">
                                                      <h2 class="d5">Test, mesure + certification</h2>
                                  
                                  <div class="teaser-inhalt">Nos produits sont fabriqués et testés selon les technologies et les normes les plus récentes.</div>
                              </div>

                            <div class="teaser-cta transition">Gestion de la qualité</div>
          </a>
                  
              </div>
  </div>
</div>
