{"id":13767,"date":"2023-12-01T10:59:21","date_gmt":"2023-12-01T09:59:21","guid":{"rendered":"https:\/\/lume.ch\/?post_type=referenz&#038;p=13767"},"modified":"2024-08-23T14:43:56","modified_gmt":"2024-08-23T12:43:56","slug":"ventilation-industrielle-application-gaz-chauds-et-haute-pression","status":"publish","type":"referenz","link":"https:\/\/lume.ch\/fr\/reference\/ventilation-industrielle-application-gaz-chauds-et-haute-pression\/","title":{"rendered":"Ventilation industrielle Application gaz chauds et haute pression"},"content":{"rendered":"\n<div  class=\"block block-lead main-container pb-mittel\">\n    <div class=\"content-container lead-font-size\">\n        Assurez une circulation de l&rsquo;air et une s\u00e9curit\u00e9 optimales dans les environnements industriels gr\u00e2ce \u00e0 notre technologie de ventilation \u00e9prouv\u00e9e.    <\/div>\n<\/div>\n<div  class=\"block block-content bg-weiss pb-mittel\">\n    <div class=\"main-container\">\n        <div class=\"content-container\">\n\n            \n\n\n    <h2>Sp\u00e9cification<\/h2>\n<ul>\n<li style=\"font-weight: 400;\" aria-level=\"1\"><span style=\"font-weight: 400;\">Unit\u00e9 de ventilation d&rsquo;air de refroidissement<\/span><\/li>\n<li style=\"font-weight: 400;\" aria-level=\"1\"><span style=\"font-weight: 400;\">Fluide &#8211; air \u00e0 des temp\u00e9ratures allant jusqu&rsquo;\u00e0 400\u00b0C<\/span><\/li>\n<li style=\"font-weight: 400;\" aria-level=\"1\"><span style=\"font-weight: 400;\">Pressions \u00e9lev\u00e9es jusqu&rsquo;\u00e0 22&rsquo;000Pa<\/span><\/li>\n<li style=\"font-weight: 400;\" aria-level=\"1\"><span style=\"font-weight: 400;\">D\u00e9bits volum\u00e9triques jusqu&rsquo;\u00e0 34000 m\u00b3\/h<\/span><\/li>\n<li style=\"font-weight: 400;\" aria-level=\"1\"><span style=\"font-weight: 400;\">Isolation acoustique et thermique<\/span><\/li>\n<li style=\"font-weight: 400;\" aria-level=\"1\"><span style=\"font-weight: 400;\">Surveillance de l&rsquo;air comprim\u00e9<\/span><\/li>\n<li style=\"font-weight: 400;\" aria-level=\"1\"><span style=\"font-weight: 400;\">R\u00e9gulation de l&rsquo;air<\/span><\/li>\n<li style=\"font-weight: 400;\" aria-level=\"1\"><span style=\"font-weight: 400;\">Application industrielle<\/span><\/li>\n<li style=\"font-weight: 400;\" aria-level=\"1\"><span style=\"font-weight: 400;\">Engagement pour le climat maritime<\/span><\/li>\n<li style=\"font-weight: 400;\" aria-level=\"1\"><span style=\"font-weight: 400;\">Unit\u00e9 pr\u00e9-assembl\u00e9e<\/span><\/li>\n<li style=\"font-weight: 400;\" aria-level=\"1\"><span style=\"font-weight: 400;\">Emballage r\u00e9sistant \u00e0 la mer<\/span><\/li>\n<\/ul>\n\n    \n    \n\n        <\/div>\n    <\/div>\n<\/div>\n<div  class=\"block block-teaser bg-hellgrau pt-gross pb-gross bild-text\">\n  <div class=\"main-container\">\n    \n        <div class=\"teaser-row\">\n      \n                          <a class=\"teaser\" href=\"https:\/\/lume.ch\/fr\/prestations\/#acc-2\" target=\"_self\">\n            \n              <div class=\"bild\"><img decoding=\"async\" width=\"1110\" height=\"420\" data-src=\"https:\/\/lume.ch\/wp-content\/uploads\/2023\/11\/Projektmanagement-1110x420.jpg\" class=\"attachment-teaser-big size-teaser-big lazyload\" alt=\"L+M AG Industriestahlbau Absauganlagen\" src=\"data:image\/svg+xml;base64,PHN2ZyB3aWR0aD0iMSIgaGVpZ2h0PSIxIiB4bWxucz0iaHR0cDovL3d3dy53My5vcmcvMjAwMC9zdmciPjwvc3ZnPg==\" style=\"--smush-placeholder-width: 1110px; --smush-placeholder-aspect-ratio: 1110\/420;\" \/><span class=\"overlay\"><\/span><\/div>\n                              <div class=\"uebertitel\">Gestion de projet<\/div>\n              \n              \n              <div class=\"inner\">\n                                                      <h2 class=\"d5\">Un savoir-faire d&rsquo;\u00e9gal \u00e0 \u00e9gal<\/h2>\n                                  \n                                  <div class=\"teaser-inhalt\">Nous vous accompagnons de A \u00e0 Z. Du d\u00e9veloppement de la solution, de la planification, de la construction jusqu&rsquo;au montage sur place.<\/div>\n                              <\/div>\n\n                            <div class=\"teaser-cta transition\">Gestion de projet<\/div>\n          <\/a>\n                  \n                        <a class=\"teaser\" href=\"https:\/\/lume.ch\/fr\/prestations\/#acc-6\" target=\"_self\">\n            \n              <div class=\"bild\"><img decoding=\"async\" width=\"1110\" height=\"420\" data-src=\"https:\/\/lume.ch\/wp-content\/uploads\/2023\/11\/baugruppenmontage-1110x420.jpg\" class=\"attachment-teaser-big size-teaser-big lazyload\" alt=\"L+M AG Industriestahlbau Absauganlagen\" src=\"data:image\/svg+xml;base64,PHN2ZyB3aWR0aD0iMSIgaGVpZ2h0PSIxIiB4bWxucz0iaHR0cDovL3d3dy53My5vcmcvMjAwMC9zdmciPjwvc3ZnPg==\" style=\"--smush-placeholder-width: 1110px; --smush-placeholder-aspect-ratio: 1110\/420;\" \/><span class=\"overlay\"><\/span><\/div>\n                              <div class=\"uebertitel\">Montage de modules<\/div>\n              \n              \n              <div class=\"inner\">\n                                                      <h2 class=\"d5\">Cela ne vous convient pas ? Nous nous en chargeons !<\/h2>\n                                  \n                                  <div class=\"teaser-inhalt\">Un assemblage pr\u00e9cis en un temps record &#8211; vos assemblages au mieux de leur forme !<\/div>\n                              <\/div>\n\n                            <div class=\"teaser-cta transition\">Montage de modules<\/div>\n          <\/a>\n                  \n              <\/div>\n  <\/div>\n<\/div>\n","protected":false},"featured_media":12434,"template":"","referenzenthemen":[89],"class_list":["post-13767","referenz","type-referenz","status-publish","has-post-thumbnail","hentry","referenzenthemen-construction-metallique-industrielle"],"acf":[],"_links":{"self":[{"href":"https:\/\/lume.ch\/fr\/wp-json\/wp\/v2\/referenz\/13767","targetHints":{"allow":["GET"]}}],"collection":[{"href":"https:\/\/lume.ch\/fr\/wp-json\/wp\/v2\/referenz"}],"about":[{"href":"https:\/\/lume.ch\/fr\/wp-json\/wp\/v2\/types\/referenz"}],"wp:featuredmedia":[{"embeddable":true,"href":"https:\/\/lume.ch\/fr\/wp-json\/wp\/v2\/media\/12434"}],"wp:attachment":[{"href":"https:\/\/lume.ch\/fr\/wp-json\/wp\/v2\/media?parent=13767"}],"wp:term":[{"taxonomy":"referenzenthemen","embeddable":true,"href":"https:\/\/lume.ch\/fr\/wp-json\/wp\/v2\/referenzenthemen?post=13767"}],"curies":[{"name":"wp","href":"https:\/\/api.w.org\/{rel}","templated":true}]}}

<div  class="block block-lead main-container pb-mittel">
    <div class="content-container lead-font-size">
        Assurez une circulation de l&rsquo;air et une sécurité optimales dans les environnements industriels grâce à notre technologie de ventilation éprouvée.    </div>
</div>
<div  class="block block-content bg-weiss pb-mittel">
    <div class="main-container">
        <div class="content-container">

            


    <h2>Spécification</h2>
<ul>
<li style="font-weight: 400;" aria-level="1"><span style="font-weight: 400;">Unité de ventilation d&rsquo;air de refroidissement</span></li>
<li style="font-weight: 400;" aria-level="1"><span style="font-weight: 400;">Fluide &#8211; air à des températures allant jusqu&rsquo;à 400°C</span></li>
<li style="font-weight: 400;" aria-level="1"><span style="font-weight: 400;">Pressions élevées jusqu&rsquo;à 22&rsquo;000Pa</span></li>
<li style="font-weight: 400;" aria-level="1"><span style="font-weight: 400;">Débits volumétriques jusqu&rsquo;à 34000 m³/h</span></li>
<li style="font-weight: 400;" aria-level="1"><span style="font-weight: 400;">Isolation acoustique et thermique</span></li>
<li style="font-weight: 400;" aria-level="1"><span style="font-weight: 400;">Surveillance de l&rsquo;air comprimé</span></li>
<li style="font-weight: 400;" aria-level="1"><span style="font-weight: 400;">Régulation de l&rsquo;air</span></li>
<li style="font-weight: 400;" aria-level="1"><span style="font-weight: 400;">Application industrielle</span></li>
<li style="font-weight: 400;" aria-level="1"><span style="font-weight: 400;">Engagement pour le climat maritime</span></li>
<li style="font-weight: 400;" aria-level="1"><span style="font-weight: 400;">Unité pré-assemblée</span></li>
<li style="font-weight: 400;" aria-level="1"><span style="font-weight: 400;">Emballage résistant à la mer</span></li>
</ul>

    
    

        </div>
    </div>
</div>
<div  class="block block-teaser bg-hellgrau pt-gross pb-gross bild-text">
  <div class="main-container">
    
        <div class="teaser-row">
      
                          <a class="teaser" href="https://lume.ch/fr/prestations/#acc-2" target="_self">
            
              <div class="bild"><img decoding="async" width="1110" height="420" data-src="https://lume.ch/wp-content/uploads/2023/11/Projektmanagement-1110x420.jpg" class="attachment-teaser-big size-teaser-big lazyload" alt="L+M AG Industriestahlbau Absauganlagen" src="data:image/svg+xml;base64,PHN2ZyB3aWR0aD0iMSIgaGVpZ2h0PSIxIiB4bWxucz0iaHR0cDovL3d3dy53My5vcmcvMjAwMC9zdmciPjwvc3ZnPg==" style="--smush-placeholder-width: 1110px; --smush-placeholder-aspect-ratio: 1110/420;" /><span class="overlay"></span></div>
                              <div class="uebertitel">Gestion de projet</div>
              
              
              <div class="inner">
                                                      <h2 class="d5">Un savoir-faire d&rsquo;égal à égal</h2>
                                  
                                  <div class="teaser-inhalt">Nous vous accompagnons de A à Z. Du développement de la solution, de la planification, de la construction jusqu&rsquo;au montage sur place.</div>
                              </div>

                            <div class="teaser-cta transition">Gestion de projet</div>
          </a>
                  
                        <a class="teaser" href="https://lume.ch/fr/prestations/#acc-6" target="_self">
            
              <div class="bild"><img decoding="async" width="1110" height="420" data-src="https://lume.ch/wp-content/uploads/2023/11/baugruppenmontage-1110x420.jpg" class="attachment-teaser-big size-teaser-big lazyload" alt="L+M AG Industriestahlbau Absauganlagen" src="data:image/svg+xml;base64,PHN2ZyB3aWR0aD0iMSIgaGVpZ2h0PSIxIiB4bWxucz0iaHR0cDovL3d3dy53My5vcmcvMjAwMC9zdmciPjwvc3ZnPg==" style="--smush-placeholder-width: 1110px; --smush-placeholder-aspect-ratio: 1110/420;" /><span class="overlay"></span></div>
                              <div class="uebertitel">Montage de modules</div>
              
              
              <div class="inner">
                                                      <h2 class="d5">Cela ne vous convient pas ? Nous nous en chargeons !</h2>
                                  
                                  <div class="teaser-inhalt">Un assemblage précis en un temps record &#8211; vos assemblages au mieux de leur forme !</div>
                              </div>

                            <div class="teaser-cta transition">Montage de modules</div>
          </a>
                  
              </div>
  </div>
</div>
