{"id":13967,"date":"2024-04-26T16:07:48","date_gmt":"2024-04-26T14:07:48","guid":{"rendered":"https:\/\/lume.ch\/?page_id=13967"},"modified":"2024-08-22T09:30:52","modified_gmt":"2024-08-22T07:30:52","slug":"chef-de-projeten-construction-dinstallations-h-f-100","status":"publish","type":"page","link":"https:\/\/lume.ch\/fr\/chef-de-projeten-construction-dinstallations-h-f-100\/","title":{"rendered":"Chef de projet:en construction d&rsquo;installations (h\/f) 100"},"content":{"rendered":"\n<div  class=\"block block-header pb-mittel header-quote\">\n\n        <div class=\"image\">\n        <div class=\"img\"><img decoding=\"async\" width=\"2260\" height=\"1000\" data-src=\"https:\/\/lume.ch\/wp-content\/uploads\/2023\/11\/LM-Gebaeude-1-2260x1000.png?theia_smart_thumbnails_file_version=2\" class=\"attachment-header-small size-header-small lazyload\" alt=\"\" src=\"data:image\/svg+xml;base64,PHN2ZyB3aWR0aD0iMSIgaGVpZ2h0PSIxIiB4bWxucz0iaHR0cDovL3d3dy53My5vcmcvMjAwMC9zdmciPjwvc3ZnPg==\" style=\"--smush-placeholder-width: 2260px; --smush-placeholder-aspect-ratio: 2260\/1000;\" \/><\/div>\n        <div class=\"main-container pos-rel\">\n             <svg width=\"51\" height=\"48\" viewBox=\"0 0 51 48\" fill=\"none\" xmlns=\"http:\/\/www.w3.org\/2000\/svg\">\n<path d=\"M27.6992 0.800781L28.5556 1.31715L29.4699 -0.199219H27.6992V0.800781ZM13.4609 24.4141L13.4564 25.4141L14.0241 25.4166L14.3173 24.9304L13.4609 24.4141ZM0.453125 24.3555H-0.546875V25.351L0.44862 25.3555L0.453125 24.3555ZM0.453125 23.5938L-0.358489 23.0096L-0.546875 23.2713V23.5938H0.453125ZM16.8594 0.800781V-0.199219H16.3471L16.0478 0.216587L16.8594 0.800781ZM13.4609 23.8867L14.3179 23.3713L14.0249 22.8842L13.4564 22.8867L13.4609 23.8867ZM27.6992 47.5586V48.5586H29.4677L28.5561 47.0432L27.6992 47.5586ZM16.8594 47.5586L16.0471 48.1418L16.3463 48.5586H16.8594V47.5586ZM0.453125 24.707H-0.546875V25.0288L-0.359199 25.2902L0.453125 24.707ZM0.453125 23.9453L0.44862 22.9453L-0.546875 22.9498V23.9453H0.453125ZM50.375 0.800781L51.2314 1.31715L52.1457 -0.199219H50.375V0.800781ZM36.1367 24.4141L36.1322 25.4141L36.6999 25.4166L36.9931 24.9304L36.1367 24.4141ZM23.1289 24.3555H22.1289V25.351L23.1244 25.3555L23.1289 24.3555ZM23.1289 23.5938L22.3173 23.0096L22.1289 23.2713V23.5938H23.1289ZM39.5352 0.800781V-0.199219H39.0228L38.7235 0.216587L39.5352 0.800781ZM36.1367 23.8867L36.9936 23.3713L36.7007 22.8842L36.1322 22.8867L36.1367 23.8867ZM50.375 47.5586V48.5586H52.1434L51.2319 47.0432L50.375 47.5586ZM39.5352 47.5586L38.7228 48.1418L39.0221 48.5586H39.5352V47.5586ZM23.1289 24.707H22.1289V25.0288L22.3166 25.2902L23.1289 24.707ZM23.1289 23.9453L23.1244 22.9453L22.1289 22.9498V23.9453H23.1289ZM26.8429 0.284412L12.6046 23.8977L14.3173 24.9304L28.5556 1.31715L26.8429 0.284412ZM13.4654 23.4141L0.45763 23.3555L0.44862 25.3555L13.4564 25.4141L13.4654 23.4141ZM1.45312 24.3555V23.5938H-0.546875V24.3555H1.45312ZM1.26474 24.1779L17.671 1.38498L16.0478 0.216587L-0.358489 23.0096L1.26474 24.1779ZM16.8594 1.80078H27.6992V-0.199219H16.8594V1.80078ZM12.604 24.4021L26.8423 48.074L28.5561 47.0432L14.3179 23.3713L12.604 24.4021ZM27.6992 46.5586H16.8594V48.5586H27.6992V46.5586ZM17.6717 46.9754L1.26545 24.1238L-0.359199 25.2902L16.0471 48.1418L17.6717 46.9754ZM1.45312 24.707V23.9453H-0.546875V24.707H1.45312ZM0.45763 24.9453L13.4654 24.8867L13.4564 22.8867L0.44862 22.9453L0.45763 24.9453ZM49.5186 0.284412L35.2804 23.8977L36.9931 24.9304L51.2314 1.31715L49.5186 0.284412ZM36.1412 23.4141L23.1334 23.3555L23.1244 25.3555L36.1322 25.4141L36.1412 23.4141ZM24.1289 24.3555V23.5938H22.1289V24.3555H24.1289ZM23.9405 24.1779L40.3468 1.38498L38.7235 0.216587L22.3173 23.0096L23.9405 24.1779ZM39.5352 1.80078H50.375V-0.199219H39.5352V1.80078ZM35.2798 24.4021L49.5181 48.074L51.2319 47.0432L36.9936 23.3713L35.2798 24.4021ZM50.375 46.5586H39.5352V48.5586H50.375V46.5586ZM40.3475 46.9754L23.9412 24.1238L22.3166 25.2902L38.7228 48.1418L40.3475 46.9754ZM24.1289 24.707V23.9453H22.1289V24.707H24.1289ZM23.1334 24.9453L36.1412 24.8867L36.1322 22.8867L23.1244 22.9453L23.1334 24.9453Z\" fill=\"#FE800F\"\/>\n<\/svg>\n            <h1 class=\"d1 color-orange\">Ensemble vers des solutions <i>intelligentes<\/i> <\/h1>\n        <\/div>\n    <\/div>\n\n            <div class=\"main-container pt-mittel pb-mittel\">\n            <div class=\"content-container\">\n                <div class=\"lead-font-size\"><p>Pour renforcer notre \u00e9quipe, nous recherchons, sur rendez-vous, une personne enthousiaste et engag\u00e9e en tant que<\/p>\n<\/div>\n            <\/div>\n        <\/div>\n    \n\n    <\/div>\n<div  class=\"block block-content bg-weiss pb-mittel\">\n    <div class=\"main-container\">\n        <div class=\"content-container\">\n\n            \n\n    <h2 class=\"d3\">Chef de projet:en construction d&rsquo;installations (h\/f) 100<\/h2>\n\n    <p><strong>L+M AG<\/strong> \u00e0 <strong>Remigen<\/strong> est depuis plus de 50 ans une entreprise familiale et prosp\u00e8re dans le domaine de la construction m\u00e9tallique industrielle et fabricant d&rsquo;installations d&rsquo;aspiration pour l&rsquo;industrie dans le monde entier.<br \/>\nNous traitons nos clients d&rsquo;\u00e9gal \u00e0 \u00e9gal et sommes loyaux, authentiques et proches d&rsquo;eux dans nos relations quotidiennes.<br \/>\nDes qualit\u00e9s que vous partagez ?<br \/>\nAlors, saisissez votre chance.     <\/p>\n<h4>Votre domaine d&rsquo;activit\u00e9 :<\/h4>\n<ul>\n<li>G\u00e9rer des projets vari\u00e9s dans diff\u00e9rents secteurs, tant sur le plan technique que commercial.<br \/>\nAssurer le suivi de la client\u00e8le existante dans toute la Suisse et dans les pays voisins. <\/li>\n<li>Inciter les clients \u00e0 adopter des solutions communes et leur faire d\u00e9couvrir les services propos\u00e9s<\/li>\n<li>D\u00e9velopper activement des produits suisses de qualit\u00e9 et les lancer avec succ\u00e8s sur le march\u00e9<\/li>\n<li>\u00c9laboration ind\u00e9pendante d&rsquo;offres et de calculs pour les commandes des clients<\/li>\n<\/ul>\n<h4>Ce que vous pouvez attendre<\/h4>\n<ul>\n<li>Beaucoup d&rsquo;initiative, de responsabilit\u00e9 et de comp\u00e9tences<\/li>\n<li>Une \u00e9quipe motiv\u00e9e et cool avec une orientation client et une affinit\u00e9 avec la technologie<\/li>\n<li>Des avantages sociaux et des conditions d&#8217;emploi dans l&rsquo;air du temps<\/li>\n<li>Environnement de travail agr\u00e9able pr\u00e8s de Baden \/ Brugg et pourtant au milieu de la verdure<\/li>\n<li>Parking gratuit pour voiture, moto et v\u00e9lo sur le site de l&rsquo;entreprise<\/li>\n<\/ul>\n<h4>Votre profil :<\/h4>\n<ul>\n<li>Formation technique achev\u00e9e avec une formation commerciale continue ou formation commerciale avec une forte affinit\u00e9 technique ainsi qu&rsquo;une longue exp\u00e9rience de la vente et de la gestion de projets.<\/li>\n<li>Personnalit\u00e9 proactive avec beaucoup de traction avant et l&rsquo;envie de faire bouger les choses<\/li>\n<li>Exp\u00e9rience solide dans la construction de machines et d&rsquo;installations obligatoire, de pr\u00e9f\u00e9rence dans la technique de ventilation<\/li>\n<li>Vous parlez et \u00e9crivez l&rsquo;allemand avec aisance et vous ma\u00eetrisez l&rsquo;anglais et le fran\u00e7ais, ce qui vous facilite les contacts avec la client\u00e8le internationale.<\/li>\n<li>Utilisation experte de l&rsquo;infrastructure informatique moderne, la connaissance de la CAO est un plus.<\/li>\n<\/ul>\n<p><strong>Ce poste vous int\u00e9resse ?<\/strong> Dans ce cas, nous nous r\u00e9jouissons de recevoir votre dossier de candidature complet, de pr\u00e9f\u00e9rence par e-mail, <strong>en mentionnant le<\/strong> <strong>num\u00e9ro de poste vacant 109285-33<\/strong>, \u00e0 l&rsquo;adresse suivante <a href=\"mailto:rmarty@mittelland-personal.ch\"><strong>rmarty@mittelland-personal.ch<\/strong><\/a>.<br \/>\nM. Roger Marty se tient \u00e0 votre disposition pour tout renseignement compl\u00e9mentaire.   <em><strong>Veuillez noter que les dossiers envoy\u00e9s directement \u00e0 notre client ne seront pas pris en compte.<br \/>\nLes candidatures \u00e9crites envoy\u00e9es par courrier seront prises en compte, mais ne pourront pas \u00eatre retourn\u00e9es pour des raisons administratives. <\/strong><\/em><\/p>\n\n    \n            <div class=\"button-group\">\n                   <a class=\"btn btn-outline btn-ext\" href=\"https:\/\/lume.ch\/wp-content\/uploads\/2024\/04\/ProjektleiterIn-Anlagenbau-LM-AG.pdf\" target=\"_blank\">Ouvrir l&#039;annonce d&#039;emploi au format PDF<\/a>\n                <\/div>\n    \n\n        <\/div>\n    <\/div>\n<\/div>","protected":false},"excerpt":{"rendered":"","protected":false},"author":4,"featured_media":0,"parent":0,"menu_order":0,"comment_status":"closed","ping_status":"closed","template":"tpl-front-page.php","meta":{"_acf_changed":false,"footnotes":""},"class_list":["post-13967","page","type-page","status-publish","hentry"],"acf":[],"_links":{"self":[{"href":"https:\/\/lume.ch\/fr\/wp-json\/wp\/v2\/pages\/13967","targetHints":{"allow":["GET"]}}],"collection":[{"href":"https:\/\/lume.ch\/fr\/wp-json\/wp\/v2\/pages"}],"about":[{"href":"https:\/\/lume.ch\/fr\/wp-json\/wp\/v2\/types\/page"}],"author":[{"embeddable":true,"href":"https:\/\/lume.ch\/fr\/wp-json\/wp\/v2\/users\/4"}],"replies":[{"embeddable":true,"href":"https:\/\/lume.ch\/fr\/wp-json\/wp\/v2\/comments?post=13967"}],"version-history":[{"count":1,"href":"https:\/\/lume.ch\/fr\/wp-json\/wp\/v2\/pages\/13967\/revisions"}],"predecessor-version":[{"id":13968,"href":"https:\/\/lume.ch\/fr\/wp-json\/wp\/v2\/pages\/13967\/revisions\/13968"}],"wp:attachment":[{"href":"https:\/\/lume.ch\/fr\/wp-json\/wp\/v2\/media?parent=13967"}],"curies":[{"name":"wp","href":"https:\/\/api.w.org\/{rel}","templated":true}]}}

<div  class="block block-header pb-mittel header-quote">

        <div class="image">
        <div class="img"><img decoding="async" width="2260" height="1000" data-src="https://lume.ch/wp-content/uploads/2023/11/LM-Gebaeude-1-2260x1000.png?theia_smart_thumbnails_file_version=2" class="attachment-header-small size-header-small lazyload" alt="" src="data:image/svg+xml;base64,PHN2ZyB3aWR0aD0iMSIgaGVpZ2h0PSIxIiB4bWxucz0iaHR0cDovL3d3dy53My5vcmcvMjAwMC9zdmciPjwvc3ZnPg==" style="--smush-placeholder-width: 2260px; --smush-placeholder-aspect-ratio: 2260/1000;" /></div>
        <div class="main-container pos-rel">
             <svg width="51" height="48" viewBox="0 0 51 48" fill="none" xmlns="http://www.w3.org/2000/svg">
<path d="M27.6992 0.800781L28.5556 1.31715L29.4699 -0.199219H27.6992V0.800781ZM13.4609 24.4141L13.4564 25.4141L14.0241 25.4166L14.3173 24.9304L13.4609 24.4141ZM0.453125 24.3555H-0.546875V25.351L0.44862 25.3555L0.453125 24.3555ZM0.453125 23.5938L-0.358489 23.0096L-0.546875 23.2713V23.5938H0.453125ZM16.8594 0.800781V-0.199219H16.3471L16.0478 0.216587L16.8594 0.800781ZM13.4609 23.8867L14.3179 23.3713L14.0249 22.8842L13.4564 22.8867L13.4609 23.8867ZM27.6992 47.5586V48.5586H29.4677L28.5561 47.0432L27.6992 47.5586ZM16.8594 47.5586L16.0471 48.1418L16.3463 48.5586H16.8594V47.5586ZM0.453125 24.707H-0.546875V25.0288L-0.359199 25.2902L0.453125 24.707ZM0.453125 23.9453L0.44862 22.9453L-0.546875 22.9498V23.9453H0.453125ZM50.375 0.800781L51.2314 1.31715L52.1457 -0.199219H50.375V0.800781ZM36.1367 24.4141L36.1322 25.4141L36.6999 25.4166L36.9931 24.9304L36.1367 24.4141ZM23.1289 24.3555H22.1289V25.351L23.1244 25.3555L23.1289 24.3555ZM23.1289 23.5938L22.3173 23.0096L22.1289 23.2713V23.5938H23.1289ZM39.5352 0.800781V-0.199219H39.0228L38.7235 0.216587L39.5352 0.800781ZM36.1367 23.8867L36.9936 23.3713L36.7007 22.8842L36.1322 22.8867L36.1367 23.8867ZM50.375 47.5586V48.5586H52.1434L51.2319 47.0432L50.375 47.5586ZM39.5352 47.5586L38.7228 48.1418L39.0221 48.5586H39.5352V47.5586ZM23.1289 24.707H22.1289V25.0288L22.3166 25.2902L23.1289 24.707ZM23.1289 23.9453L23.1244 22.9453L22.1289 22.9498V23.9453H23.1289ZM26.8429 0.284412L12.6046 23.8977L14.3173 24.9304L28.5556 1.31715L26.8429 0.284412ZM13.4654 23.4141L0.45763 23.3555L0.44862 25.3555L13.4564 25.4141L13.4654 23.4141ZM1.45312 24.3555V23.5938H-0.546875V24.3555H1.45312ZM1.26474 24.1779L17.671 1.38498L16.0478 0.216587L-0.358489 23.0096L1.26474 24.1779ZM16.8594 1.80078H27.6992V-0.199219H16.8594V1.80078ZM12.604 24.4021L26.8423 48.074L28.5561 47.0432L14.3179 23.3713L12.604 24.4021ZM27.6992 46.5586H16.8594V48.5586H27.6992V46.5586ZM17.6717 46.9754L1.26545 24.1238L-0.359199 25.2902L16.0471 48.1418L17.6717 46.9754ZM1.45312 24.707V23.9453H-0.546875V24.707H1.45312ZM0.45763 24.9453L13.4654 24.8867L13.4564 22.8867L0.44862 22.9453L0.45763 24.9453ZM49.5186 0.284412L35.2804 23.8977L36.9931 24.9304L51.2314 1.31715L49.5186 0.284412ZM36.1412 23.4141L23.1334 23.3555L23.1244 25.3555L36.1322 25.4141L36.1412 23.4141ZM24.1289 24.3555V23.5938H22.1289V24.3555H24.1289ZM23.9405 24.1779L40.3468 1.38498L38.7235 0.216587L22.3173 23.0096L23.9405 24.1779ZM39.5352 1.80078H50.375V-0.199219H39.5352V1.80078ZM35.2798 24.4021L49.5181 48.074L51.2319 47.0432L36.9936 23.3713L35.2798 24.4021ZM50.375 46.5586H39.5352V48.5586H50.375V46.5586ZM40.3475 46.9754L23.9412 24.1238L22.3166 25.2902L38.7228 48.1418L40.3475 46.9754ZM24.1289 24.707V23.9453H22.1289V24.707H24.1289ZM23.1334 24.9453L36.1412 24.8867L36.1322 22.8867L23.1244 22.9453L23.1334 24.9453Z" fill="#FE800F"/>
</svg>
            <h1 class="d1 color-orange">Ensemble vers des solutions <i>intelligentes</i> </h1>
        </div>
    </div>

            <div class="main-container pt-mittel pb-mittel">
            <div class="content-container">
                <div class="lead-font-size"><p>Pour renforcer notre équipe, nous recherchons, sur rendez-vous, une personne enthousiaste et engagée en tant que</p>
</div>
            </div>
        </div>
    

    </div>
<div  class="block block-content bg-weiss pb-mittel">
    <div class="main-container">
        <div class="content-container">

            

    <h2 class="d3">Chef de projet:en construction d&rsquo;installations (h/f) 100</h2>

    <p><strong>L+M AG</strong> à <strong>Remigen</strong> est depuis plus de 50 ans une entreprise familiale et prospère dans le domaine de la construction métallique industrielle et fabricant d&rsquo;installations d&rsquo;aspiration pour l&rsquo;industrie dans le monde entier.<br />
Nous traitons nos clients d&rsquo;égal à égal et sommes loyaux, authentiques et proches d&rsquo;eux dans nos relations quotidiennes.<br />
Des qualités que vous partagez ?<br />
Alors, saisissez votre chance.     </p>
<h4>Votre domaine d&rsquo;activité :</h4>
<ul>
<li>Gérer des projets variés dans différents secteurs, tant sur le plan technique que commercial.<br />
Assurer le suivi de la clientèle existante dans toute la Suisse et dans les pays voisins. </li>
<li>Inciter les clients à adopter des solutions communes et leur faire découvrir les services proposés</li>
<li>Développer activement des produits suisses de qualité et les lancer avec succès sur le marché</li>
<li>Élaboration indépendante d&rsquo;offres et de calculs pour les commandes des clients</li>
</ul>
<h4>Ce que vous pouvez attendre</h4>
<ul>
<li>Beaucoup d&rsquo;initiative, de responsabilité et de compétences</li>
<li>Une équipe motivée et cool avec une orientation client et une affinité avec la technologie</li>
<li>Des avantages sociaux et des conditions d&#8217;emploi dans l&rsquo;air du temps</li>
<li>Environnement de travail agréable près de Baden / Brugg et pourtant au milieu de la verdure</li>
<li>Parking gratuit pour voiture, moto et vélo sur le site de l&rsquo;entreprise</li>
</ul>
<h4>Votre profil :</h4>
<ul>
<li>Formation technique achevée avec une formation commerciale continue ou formation commerciale avec une forte affinité technique ainsi qu&rsquo;une longue expérience de la vente et de la gestion de projets.</li>
<li>Personnalité proactive avec beaucoup de traction avant et l&rsquo;envie de faire bouger les choses</li>
<li>Expérience solide dans la construction de machines et d&rsquo;installations obligatoire, de préférence dans la technique de ventilation</li>
<li>Vous parlez et écrivez l&rsquo;allemand avec aisance et vous maîtrisez l&rsquo;anglais et le français, ce qui vous facilite les contacts avec la clientèle internationale.</li>
<li>Utilisation experte de l&rsquo;infrastructure informatique moderne, la connaissance de la CAO est un plus.</li>
</ul>
<p><strong>Ce poste vous intéresse ?</strong> Dans ce cas, nous nous réjouissons de recevoir votre dossier de candidature complet, de préférence par e-mail, <strong>en mentionnant le</strong> <strong>numéro de poste vacant 109285-33</strong>, à l&rsquo;adresse suivante <a href="mailto:rmarty@mittelland-personal.ch"><strong>rmarty@mittelland-personal.ch</strong></a>.<br />
M. Roger Marty se tient à votre disposition pour tout renseignement complémentaire.   <em><strong>Veuillez noter que les dossiers envoyés directement à notre client ne seront pas pris en compte.<br />
Les candidatures écrites envoyées par courrier seront prises en compte, mais ne pourront pas être retournées pour des raisons administratives. </strong></em></p>

    
            <div class="button-group">
                   <a class="btn btn-outline btn-ext" href="https://lume.ch/wp-content/uploads/2024/04/ProjektleiterIn-Anlagenbau-LM-AG.pdf" target="_blank">Ouvrir l&#039;annonce d&#039;emploi au format PDF</a>
                </div>
    

        </div>
    </div>
</div>
